{"id":3,"date":"2009-02-17T23:52:04","date_gmt":"2009-02-17T22:52:04","guid":{"rendered":"http:\/\/www.bauernhof-zanger.de\/?page_id=3"},"modified":"2021-11-26T13:56:31","modified_gmt":"2021-11-26T12:56:31","slug":"betriebsvorstellung","status":"publish","type":"page","link":"https:\/\/www.bauernhof-zanger.de\/?page_id=3","title":{"rendered":"Betriebsvorstellung"},"content":{"rendered":"<p style=\"text-align: center;\"><strong>Unser Bauernhof ist ein st\u00e4ndig wachsender Betrieb mit Familientradition. Seid dem 01.01.2012 ist der Bauernhof Zanger nun in der Hand von Ramona (Landwirtschaft) und Nadine (Metzgerei) Zanger.<br \/>\n<\/strong><\/p>\n<p style=\"text-align: center;\"><strong>Wir bewirtschaften ihn seit 4 Generationen sowie die L\u00e4nderein in der Region rund um das Kerkerbachtal.<\/strong><\/p>\n<p style=\"text-align: center;\"><strong>\u00a0<\/strong><\/p>\n<p style=\"text-align: center;\"><a href=\"http:\/\/www.bauernhof-zanger.de\/wp-content\/uploads\/2009\/02\/bilder-von-betrieb-083.jpg\"><img loading=\"lazy\" decoding=\"async\" class=\"aligncenter size-medium wp-image-250\" title=\"bilder-von-betrieb-083\" src=\"http:\/\/www.bauernhof-zanger.de\/wp-content\/uploads\/2009\/02\/bilder-von-betrieb-083-300x225.jpg\" alt=\"bilder-von-betrieb-083\" width=\"300\" height=\"225\" srcset=\"https:\/\/www.bauernhof-zanger.de\/wp-content\/uploads\/2009\/02\/bilder-von-betrieb-083-300x225.jpg 300w, https:\/\/www.bauernhof-zanger.de\/wp-content\/uploads\/2009\/02\/bilder-von-betrieb-083-1023x768.jpg 1023w\" sizes=\"(max-width: 300px) 100vw, 300px\" \/> <\/a><\/p>\n<p style=\"text-align: center;\"><strong>Unser Betrieb ist mehr als nur ein Bauernhof, denn jedes unserer Familienmitglieder von jung bis alt arbeitet flei\u00dfig mit und ist ein Spezialist\/in auf seinem jeweiligen Fachgebiet.<br \/>\n<\/strong><\/p>\n<p style=\"text-align: center;\">***<\/p>\n<p style=\"text-align: center;\"><strong>Unser Bauernhof wird von Ramona Zanger gef\u00fchrt. Ramona Zanger, ausgebildete K\u00f6chin und Speiseeisfachfrau sowie Betriebswirtin, verwaltet die Spaten Speiseeisherstellung.<\/strong><\/p>\n<p style=\"text-align: center;\"><strong><img loading=\"lazy\" decoding=\"async\" class=\"aligncenter size-medium wp-image-12\" title=\"bild2\" src=\"http:\/\/www.bauernhof-zanger.de\/wp-content\/uploads\/2009\/02\/bild2-267x300.jpg\" alt=\"bild2\" width=\"267\" height=\"250\" \/> <\/strong><\/p>\n<p style=\"text-align: center;\"><strong>Nadine Zanger, ausgebildete Metzgermeisterin, leitet die Metzgerei.<br \/>\n<img loading=\"lazy\" decoding=\"async\" class=\"alignright size-medium wp-image-13\" title=\"bild3\" src=\"http:\/\/www.bauernhof-zanger.de\/wp-content\/uploads\/2009\/02\/bild3-257x300.jpg\" alt=\"bild3\" width=\"257\" height=\"300\" srcset=\"https:\/\/www.bauernhof-zanger.de\/wp-content\/uploads\/2009\/02\/bild3-257x300.jpg 257w, https:\/\/www.bauernhof-zanger.de\/wp-content\/uploads\/2009\/02\/bild3.jpg 274w\" sizes=\"(max-width: 257px) 100vw, 257px\" \/> <\/strong><\/p>\n<p style=\"text-align: center;\"><strong>Wir bewirtschaften eine landwirtschaftliche Nutzfl\u00e4che von 42 ha, die sich in Ackerland, Weiden und Wiesen gliedert. Die Wiesen werden zur Ernte von Grassilage und Heu genutzt, die Weiden stehen f\u00fcr die Freilandhaltung der Rindern zur Verf\u00fcgung.<br \/>\n<img loading=\"lazy\" decoding=\"async\" class=\"alignnone size-full wp-image-14\" title=\"bild4\" src=\"http:\/\/www.bauernhof-zanger.de\/wp-content\/uploads\/2009\/02\/bild4.jpg\" alt=\"bild4\" width=\"295\" height=\"248\" \/> <\/strong><\/p>\n<p style=\"text-align: center;\"><strong>Das Ackerland wird zum einen Teil f\u00fcr die Winterf\u00fctterung der Rinder genutzt (Maissilage), zum anderen Teil wird Getreide angebaut um die F\u00fctterung der Schweine und Rinder zu gew\u00e4hrleisten.<br \/>\n<img loading=\"lazy\" decoding=\"async\" class=\"alignnone size-full wp-image-15\" title=\"bild5\" src=\"http:\/\/www.bauernhof-zanger.de\/wp-content\/uploads\/2009\/02\/bild5.jpg\" alt=\"bild5\" width=\"283\" height=\"248\" \/> <\/strong><\/p>\n<p style=\"text-align: center;\"><strong>Auf unserem Betrieb leben ca. 30 Milchk\u00fche mit dessen Nachzucht. Die K\u00e4lber werden auf unserem Hof aufgezogen und geschlachtet.<br \/>\n<img loading=\"lazy\" decoding=\"async\" class=\"alignnone size-medium wp-image-16\" title=\"bild6\" src=\"http:\/\/www.bauernhof-zanger.de\/wp-content\/uploads\/2009\/02\/bild6-300x276.jpg\" alt=\"bild6\" width=\"300\" height=\"276\" srcset=\"https:\/\/www.bauernhof-zanger.de\/wp-content\/uploads\/2009\/02\/bild6-300x276.jpg 300w, https:\/\/www.bauernhof-zanger.de\/wp-content\/uploads\/2009\/02\/bild6.jpg 307w\" sizes=\"(max-width: 300px) 100vw, 300px\" \/> <\/strong><\/p>\n<p style=\"text-align: center;\"><strong>Ein Teil der frischen Kuhmilch findet in der Speiseeisherstellung ihre Verwendung. Ramona Zanger stellt zur Zeit 21 verschiedene Eissorten her, die in Rewem\u00e4rkten und \u00fcber das &#8222;Landmarktzeichen&#8222; vertrieben werden.<br \/>\n<a href=\"http:\/\/www.bauernhof-zanger.de\/wp-content\/uploads\/2009\/02\/bild129.jpg\"><img loading=\"lazy\" decoding=\"async\" class=\"aligncenter size-medium wp-image-207\" title=\"bild129\" src=\"http:\/\/www.bauernhof-zanger.de\/wp-content\/uploads\/2009\/02\/bild129-300x225.jpg\" alt=\"bild129\" width=\"300\" height=\"225\" srcset=\"https:\/\/www.bauernhof-zanger.de\/wp-content\/uploads\/2009\/02\/bild129-300x225.jpg 300w, https:\/\/www.bauernhof-zanger.de\/wp-content\/uploads\/2009\/02\/bild129.jpg 480w\" sizes=\"(max-width: 300px) 100vw, 300px\" \/> <\/a> <\/strong><\/p>\n<p style=\"text-align: center;\"><strong>Die Mastschweine werden auf unserem Hof aufgezogen und ebenfalls in der Metzgerei geschlachtet und verwurstet.<\/strong><\/p>\n<p style=\"text-align: center;\"><strong><a href=\"http:\/\/www.bauernhof-zanger.de\/wp-content\/uploads\/2009\/02\/bild0872.jpg\"><img loading=\"lazy\" decoding=\"async\" class=\"aligncenter size-medium wp-image-212\" title=\"bild0872\" src=\"http:\/\/www.bauernhof-zanger.de\/wp-content\/uploads\/2009\/02\/bild0872-268x300.jpg\" alt=\"bild0872\" width=\"268\" height=\"300\" srcset=\"https:\/\/www.bauernhof-zanger.de\/wp-content\/uploads\/2009\/02\/bild0872-268x300.jpg 268w, https:\/\/www.bauernhof-zanger.de\/wp-content\/uploads\/2009\/02\/bild0872-917x1024.jpg 917w, https:\/\/www.bauernhof-zanger.de\/wp-content\/uploads\/2009\/02\/bild0872.jpg 1200w\" sizes=\"(max-width: 268px) 100vw, 268px\" \/> <\/a><br \/>\n<\/strong><\/p>\n<p style=\"text-align: center;\"><strong>Die Schlachtung der Tiere nimmt Nadine Zanger vor und erstellt die leckersten Fleisch- und Wurstwaren.<\/strong><\/p>\n<p style=\"text-align: center;\"><strong>***<br \/>\n<\/strong><\/p>\n<p><strong>Unser Bauernhof ist Mitglied bei den Hessischen Dierektvermarktern und bei dem Markenzeichen &#8222;Landmarkt&#8222;.<\/strong><\/p>\n<p style=\"text-align: center;\"><strong>Hessische Dierektvermarkter stehen mit dem Zeichen &#8222;Landmarkt&#8222;ein f\u00fcr:<br \/>\n&#8211; Qualit\u00e4tsprodukte vom Bauernhof<br \/>\n&#8211; die N\u00e4he zu Verbraucherinnen u. Verbraucher<br \/>\n&#8211; eine nachvollziehbare Erzeugung von Lebensmitteln in der Region ohne k\u00fcnstliche Zusatzstoffe.<\/strong><\/p>\n<p style=\"text-align: center;\"><strong>Wir f\u00fcttern unsere Tiere ohne genmanipolierte Zusatzstoffe und ohne Penecellin und Antibiotikum.<\/strong><\/p>\n<p style=\"text-align: center;\">\n","protected":false},"excerpt":{"rendered":"<p>Unser Bauernhof ist ein st\u00e4ndig wachsender Betrieb mit Familientradition. Seid dem 01.01.2012 ist der Bauernhof Zanger nun in der Hand von Ramona (Landwirtschaft) und Nadine (Metzgerei) Zanger. Wir bewirtschaften ihn seit 4 Generationen sowie die L\u00e4nderein in der Region rund um das Kerkerbachtal. \u00a0 Unser Betrieb ist mehr als nur ein Bauernhof, denn jedes unserer [&hellip;]<\/p>\n","protected":false},"author":3,"featured_media":0,"parent":0,"menu_order":0,"comment_status":"open","ping_status":"open","template":"","meta":{"footnotes":""},"jetpack_sharing_enabled":true,"_links":{"self":[{"href":"https:\/\/www.bauernhof-zanger.de\/index.php?rest_route=\/wp\/v2\/pages\/3"}],"collection":[{"href":"https:\/\/www.bauernhof-zanger.de\/index.php?rest_route=\/wp\/v2\/pages"}],"about":[{"href":"https:\/\/www.bauernhof-zanger.de\/index.php?rest_route=\/wp\/v2\/types\/page"}],"author":[{"embeddable":true,"href":"https:\/\/www.bauernhof-zanger.de\/index.php?rest_route=\/wp\/v2\/users\/3"}],"replies":[{"embeddable":true,"href":"https:\/\/www.bauernhof-zanger.de\/index.php?rest_route=%2Fwp%2Fv2%2Fcomments&post=3"}],"version-history":[{"count":46,"href":"https:\/\/www.bauernhof-zanger.de\/index.php?rest_route=\/wp\/v2\/pages\/3\/revisions"}],"predecessor-version":[{"id":601,"href":"https:\/\/www.bauernhof-zanger.de\/index.php?rest_route=\/wp\/v2\/pages\/3\/revisions\/601"}],"wp:attachment":[{"href":"https:\/\/www.bauernhof-zanger.de\/index.php?rest_route=%2Fwp%2Fv2%2Fmedia&parent=3"}],"curies":[{"name":"wp","href":"https:\/\/api.w.org\/{rel}","templated":true}]}}